{"id":9099,"date":"2020-05-06T21:59:46","date_gmt":"2020-05-06T19:59:46","guid":{"rendered":"https:\/\/www.riomiel.com\/?post_type=product&#038;p=9099"},"modified":"2026-02-07T15:19:02","modified_gmt":"2026-02-07T14:19:02","slug":"miel-riomiel-465gr","status":"publish","type":"product","link":"https:\/\/www.riomiel.com\/index.php\/product\/miel-riomiel-465gr\/","title":{"rendered":"Miel Riomiel"},"content":{"rendered":"<p>Nuestra Miel de Abejas proviene de apiarios de diferentes comunidades en Colombia \u00a0ubicadas en zonas de conflicto, que decidieron trabajar junto con las abejas y Riomiel, en la reconstrucci\u00f3n y conservaci\u00f3n del medio ambiente como otra alternativa que mejore su calidad de vida.<\/p>\n<p>Es una miel multifloral 100% pura, natural y org\u00e1nica, sin ning\u00fan proceso de transformaci\u00f3n desde que se cosecha de la colmena, logrando as\u00ed una miel cruda que conserva todas sus beneficiosas propiedades<\/p>\n","protected":false},"excerpt":{"rendered":"<p>Es una miel multifloral 100% pura, natural y org\u00e1nica, sin ning\u00fan proceso de transformaci\u00f3n desde que se cosecha de la colmena, logrando as\u00ed una miel cruda que conserva todas sus beneficiosas propiedades.<\/p>\n","protected":false},"featured_media":9698,"comment_status":"open","ping_status":"closed","template":"","meta":[],"product_cat":[57],"product_tag":[],"_links":{"self":[{"href":"https:\/\/www.riomiel.com\/index.php\/wp-json\/wp\/v2\/product\/9099"}],"collection":[{"href":"https:\/\/www.riomiel.com\/index.php\/wp-json\/wp\/v2\/product"}],"about":[{"href":"https:\/\/www.riomiel.com\/index.php\/wp-json\/wp\/v2\/types\/product"}],"replies":[{"embeddable":true,"href":"https:\/\/www.riomiel.com\/index.php\/wp-json\/wp\/v2\/comments?post=9099"}],"wp:featuredmedia":[{"embeddable":true,"href":"https:\/\/www.riomiel.com\/index.php\/wp-json\/wp\/v2\/media\/9698"}],"wp:attachment":[{"href":"https:\/\/www.riomiel.com\/index.php\/wp-json\/wp\/v2\/media?parent=9099"}],"wp:term":[{"taxonomy":"product_cat","embeddable":true,"href":"https:\/\/www.riomiel.com\/index.php\/wp-json\/wp\/v2\/product_cat?post=9099"},{"taxonomy":"product_tag","embeddable":true,"href":"https:\/\/www.riomiel.com\/index.php\/wp-json\/wp\/v2\/product_tag?post=9099"}],"curies":[{"name":"wp","href":"https:\/\/api.w.org\/{rel}","templated":true}]}}